of w and 8.
8
Suppose 3*a - 8 = -2*k - 2*a, 5*k - 5*a = 90. What is the highest common factor of k and 70?
14
Let b(g) = 3*g**2 - 6. Let k be b(-4). What is the highest common divisor of k and 14?
14
Suppose -5 + 1 = -2*b. Suppose 0 = 2*p + b*p - 4, 5*v + 4 = -p. Let a be (-476)/(-12) + v/(-3). What is the highest common divisor of 100 and a?
20
Suppose k - 490 = -2*k - 5*d, 0 = -5*d + 10. What is the greatest common factor of k and 20?
20
Let q be 278/7 - 4/(-14). Let r = q + -18. Suppose 0 = 2*y + 4 - 26. Calculate the greatest common divisor of r and y.
11
Suppose 2 = -2*t + 4. Let d(y) = y**2 - 5*y - 1. Let k be d(5). Let s be (k + -15 + 2)/(-2). What is the greatest common factor of s and t?
1
Suppose 0*u - 20 = 5*u. Let z = 46 + u. Calculate the highest common factor of 63 and z.
21
Let n be -3*(-4)/(-12)*1. Let x be ((-7)/(-7))/(n/(-104)). Calculate the greatest common factor of 13 and x.
13
Let v be 832/6 + -2 - (-18)/(-27). Calculate the greatest common divisor of 17 and v.
17
Let u = 3 + 0. Suppose 3*k + a = k + 47, -u*k = -2*a - 60. Let c = 155 + -100. What is the highest common factor of c and k?
11
Let j(h) = -h**2 + h + 13. Let w be j(0). Calculate the greatest common factor of w and 39.
13
Suppose -2*f - 45 = -5*f. Calculate the highest common factor of f and 3.
3
Let l(j) = 3*j + 3. Let i be l(-2). Let a(n) = -n**3 - 4*n**2. Let u be a(-3). Let x be u*i/(18/8). Calculate the highest common factor of 84 and x.
12
Let a(j) = j**3 - 5*j**2 + 5*j + 1. Let i be a(4). Suppose -4*f + 12 = 216. Let p = i - f. Calculate the greatest common factor of 8 and p.
8
Let x(h) = -h**3 - 2*h**2 - 5*h - 7. Let t be x(-4). What is the greatest common factor of t and 15?
15
Let f(q) = q. Let u be f(3). Suppose u*o - 8*o - t + 41 = 0, -3*o + 43 = -4*t. Suppose -4*m + 21 = -15. Calculate the greatest common factor of m and o.
9
Let y = 6 - 8. Let a(z) = -6*z - 3. Let l be a(y). What is the greatest common factor of l and 9?
9
Suppose 3*s = 4*s - 9. Calculate the highest common factor of s and 99.
9
Let w(u) = 2*u**2 - 7*u - 5. Let y be w(5). Calculate the highest common divisor of y and 90.
10
Let x(i) = 69 + 92 + 3*i - 5*i + 3*i. Let r be x(0). What is the greatest common factor of 23 and r?
23
Suppose 4*b = -b - 65. Let f = 8 + b. Let i be f/15 - 190/(-3). Calculate the greatest common divisor of i and 7.
7
Suppose 0 = 2*p + 2*p - 132. Let b = 57 - p. Calculate the greatest common divisor of b and 60.
12
Suppose -3*j - 3 = -21. Suppose -3*v + 5*y = -18, 0*v - v + j = -4*y. Calculate the greatest common factor of 3 and v.
3
Suppose u = 2*u - 8. Let p(d) = d**3 - 3*d**2 - d - 2. Let r be p(3). Let i = u + r. Calculate the highest common divisor of 9 and i.
3
Let h(p) = -2*p - 3. Let a be h(-4). Suppose a*m - 20 = -i, -m - 2*i + 3*i = 2. Calculate the greatest common divisor of m and 3.
3
Suppose 4*a - 3*j - 243 = 0, 3*j = 4*a - j - 240. Calculate the greatest common factor of a and 9.
9
Let l = 192 - 49. Calculate the highest common factor of l and 13.
13
Let n be 4 + 11 + (-5 - -2). Calculate the greatest common factor of 12 and n.
12
Suppose -12*l - 2 = -38. Calculate the greatest common factor of 24 and l.
3
Let a be 10 + 12 - (-4 - (0 + -1)). What is the highest common factor of a and 10?
5
Let i = 75 + -73. What is the highest common divisor of i and 14?
2
Let j(r) = 4*r - 24. Let a be j(8). What is the greatest common factor of 8 and a?
8
Let n(j) = j**3 - 7*j**2 - 7*j + 2. Let y be n(8). Let i(p) = 4*p - 2 - 2 + p - p**2 + 4*p**3. Let d be i(3). What is the greatest common divisor of d and y?
10
Suppose 2*h + 6 = 2*s + 7*h, 0 = 4*h. Suppose -s*a + 5*a = 52. Calculate the highest common factor of 13 and a.
13
Let k be ((-96)/(-52))/1 + 4/26. What is the greatest common factor of 6 and k?
2
Let i be (18/4)/((-3)/(-4)). Let a = 0 + i. Calculate the highest common divisor of 4 and a.
2
Suppose 5*a + 111 - 311 = 0. Suppose -a - 2 = -3*p. Let l = 10 + 4. Calculate the greatest common factor of l and p.
14
Let y(g) = 4*g**2 - 6*g - 2. Let c be y(7). Calculate the greatest common factor of c and 19.
19
Let x be 2*(-3)/12*-238. Calculate the highest common factor of 17 and x.
17
Suppose 3*s - 21 = -3*y, 14 = 4*y - 3*s - 0*s. Suppose 2*j - 7*j + 25 = 0. What is the highest common divisor of j and y?
5
Let a be (-2)/(2/2) + -4. Let s = 2 + -7. Let k = s - a. What is the highest common factor of 9 and k?
1
Suppose 15 = 5*f + 5*n, -f + n = 6*n + 1. Calculate the greatest common divisor of f and 10.
2
Suppose -4*b + c = -11, -2*c - 3 = 2*b - 1. Calculate the greatest common factor of b and 5.
1
Let n = -111 + 177. Calculate the greatest common factor of 11 and n.
11
Suppose -4*v + 6 = -v. Suppose z - 271 = -v*u, -3*u + z - 2*z = -407. What is the greatest common divisor of 17 and u?
17
Let b(y) = -3*y + 5. Let x be b(-3). Calculate the highest common factor of x and 28.
14
Let s(y) = 4*y + 10 - 2*y - 3*y. Let q be s(9). Let x be q*-8*(1 - 3). What is the greatest common factor of x and 16?
16
Let d(k) = -k**2 - 5*k + 6. Let c be d(-3). Calculate the greatest common factor of 36 and c.
12
Let d be 170/(-51)*(-3)/2. What is the highest common factor of 85 and d?
5
Let a(y) = 2*y**2 - 6*y - 6. Let d be a(-4). Let v be ((-30)/8)/((-2)/(-16)). Let r = d + v. Calculate the highest common divisor of r and 140.
20
Let c(h) = -h + 31. Let z be c(0). Let o = -9 + 28. Let a = z - o. Calculate the greatest common divisor of a and 4.
4
Suppose 2*o + 8 = -5*i, -24 + 8 = 4*o. Let r be (-62)/((-2 + i)/1). Suppose -b + r = -123. What is the highest common factor of b and 14?
14
Suppose 2*z - z = -3*p, 0 = -3*z + 4*p - 39. Let v = -8 - z. Calculate the highest common factor of 5 and v.
1
Let j(d) be the first derivative of 2*d**3/3 + 3*d**2 + 7*d + 7. Let r be j(-3). What is the highest common divisor of r and 7?
7
Suppose -5*x = 5*g - 375, -2*x + 2 = -4. Calculate the greatest common factor of 9 and g.
9
Let b be (5 - 3 - -32) + 2. Suppose 0*i = -5*i + 3*j + 120, 0 = -i + 3*j + b. What is the greatest common factor of 7 and i?
7
Suppose -g + l + 25 - 7 = 0, 4*g = -3*l + 58. Let o(s) = s**2 + 7*s - 9. Let m be o(-8). Let w be 16/m*3/(-6). Calculate the highest common divisor of g and w.
8
Let s(n) = 2*n + 1. Let y be s(9). Let r(o) = -53*o - 3. Let c be r(-4). What is the greatest common factor of y and c?
19
Let y be (-24)/(-20)*15/(-6). Let m be (35 + y)*(-4)/(-8). What is the highest common divisor of m and 112?
16
Suppose -2*o = -4 - 0. Suppose -7*k = p - o*k - 132, -660 = -5*p - 3*k. Suppose 0 = 25*v - 20*v - 60. Calculate the highest common factor of p and v.
12
Suppose -371 = -3*t - 2*m, -m = -5*t + m + 613. What is the greatest common factor of t and 41?
41
Let m(u) = 15*u**2. Let v be m(1). Calculate the highest common divisor of v and 45.
15
Suppose 0 = -5*y - 4 - 1. Let n(q) = 35*q**2 - q. Let t be n(y). Calculate the highest common divisor of t and 90.
18
Let o = -17 - -28. Let y = -18 + 40. Calculate the greatest common factor of o and y.
11
Suppose -8*u - 5 = -9*u. Suppose u*r - 44 = 3*r. What is the highest common divisor of 2 and r?
2
Let l(d) = -d**2 - 14*d + 2. Let v be ((-4)/(-3))/((-4)/18). Let t be l(v). Calculate the highest common divisor of 10 and t.
10
Let w be -3*1*(12 - 37). Suppose 0*c = 2*c - 30. Calculate the highest common factor of c and w.
15
Suppose -m = -3*m + 6. Calculate the greatest common factor of 12 and m.
3
Let u = -30 + 50. Let k be (-21)/(-6)*8/14. Let a = k + 3. Calculate the greatest common factor of a and u.
5
Let c be (21/(-4))/(33/(-44)). Let o(i) = -i**2 - 3*i. Let h be o(-2). Suppose h*s = c*s - 315. Calculate the highest common factor of s and 9.
9
Let p be (-7)/3*(-12)/2. Let f = -47 - -113. Suppose -p - f = -k. Calculate the highest common divisor of k and 10.
10
Let t(z) = z - 4. Let o be t(4). Suppose o = 5*c - 30 - 5. Calculate the greatest common divisor of c and 77.
7
Let i(n) be the second derivative of n**4/12 - 7*n**3/6 - n**2 + 4*n. Let q be i(8). What is the highest common factor of q and 18?
6
Suppose -4*v + 4*z + 184 = 0, -6*v - z + 184 = -2*v. Let c = v - -5. Calculate the greatest common factor of 34 and c.
17
Suppose -55*d = -50*d - 10. What is the greatest common factor of d and 6?
2
Let b be (-538)/(